ite?
False
Is 2327 a prime number?
False
Is 277897 composite?
False
Is 258463 a prime number?
False
Is 6407 prime?
False
Is 17551 prime?
True
Is 1409151 prime?
False
Is 327127 prime?
True
Is 104605 composite?
True
Is 109553 a prime number?
False
Is 39293 prime?
True
Is 7993 prime?
True
Is 11963 prime?
False
Is 13853 a composite number?
True
Is 238115 prime?
False
Is 62359 prime?
False
Is 206359 a prime number?
False
Is 20879 a prime number?
True
Is 2427 a composite number?
True
Is 9305 prime?
False
Is 257 a prime number?
True
Is 541 a prime number?
True
Is 339049 a composite number?
False
Is 116423 prime?
True
Is 48181 a prime number?
False
Is 14738 a prime number?
False
Is 2203 a composite number?
False
Is 1189109 a prime number?
True
Is 556741 composite?
False
Is 47999 a composite number?
True
Is 1042819 a prime number?
True
Is 58493 prime?
False
Is 966221 a composite number?
False
Is 58657 a composite number?
False
Is 132137 composite?
False
Is 303529 a prime number?
True
Is 33647 composite?
False
Is 24098 a composite number?
True
Is 1035911 prime?
False
Is 2271 a prime number?
False
Is 739543 prime?
False
Is 9722 a prime number?
False
Is 197533 composite?
True
Is 227657 prime?
False
Is 23423 a prime number?
False
Is 159521 prime?
True
Is 5713 a prime number?
False
Is 1912709 prime?
True
Is 187303 a composite number?
False
Is 665383 composite?
True
Is 5257 a prime number?
False
Is 56087 prime?
True
Is 12297 composite?
True
Is 16733 prime?
False
Is 273755 a composite number?
True
Is 79 prime?
True
Is 756601 a prime number?
True
Is 768346 prime?
False
Is 1039 a prime number?
True
Is 41479 a prime number?
True
Is 127811 prime?
False
Is 7711 prime?
False
Is 54709 prime?
True
Is 74117 a prime number?
False
Is 36827 a composite number?
True
Is 3859 a composite number?
True
Is 212497 a composite number?
True
Is 479 a prime number?
True
Is 23447 a composite number?
False
Is 19853 a prime number?
True
Is 408743 a composite number?
False
Is 2521 prime?
True
Is 24731 composite?
True
Is 40151 composite?
False
Is 17693 prime?
False
Is 847135 composite?
True
Is 69563 composite?
True
Is 63577 composite?
False
Is 134515 a composite number?
True
Is 243701 a prime number?
True
Is 7195 prime?
False
Is 601707 prime?
False
Is 91687 composite?
True
Is 11351 a composite number?
False
Is 163018 a composite number?
True
Is 1471 composite?
False
Is 12451 composite?
False
Is 354441 prime?
False
Is 7981 a prime number?
False
Is 500629 a composite number?
False
Is 19259 composite?
False
Is 46807 prime?
True
Is 21797 prime?
False
Is 39313 a prime number?
True
Is 209153 a prime number?
False
Is 296531 a prime number?
False
Is 1824898 a prime number?
False
Is 823303 prime?
False
Is 2281 a prime number?
True
Is 75749 a prime number?
False
Is 8501 prime?
True
Is 100129 prime?
True
Is 4955 a prime number?
False
Is 2153 composite?
False
Is 66491 a composite number?
False
Is 86038 composite?
True
Is 38113 a composite number?
False
Is 24197 composite?
False
Is 8819 prime?
True
Is 289 a prime number?
False
Is 10183 a composite number?
True
Is 21145 a composite number?
True
Is 6607 prime?
True
Is 135829 a composite number?
False
Is 26833 a prime number?
True
Is 5323 composite?
False
Is 53773 a composite number?
False
Is 139223 prime?
False
Is 25249 a prime number?
False
Is 261727 a prime number?
False
Is 13763 composite?
False
Is 15178 a composite number?
True
Is 99433 composite?
True
Is 3500171 a composite number?
True
Is 11391 composite?
True
Is 12226 composite?
True
Is 739 composite?
False
Is 17729 a composite number?
False
Is 180749 a prime number?
True
Is 256873 a composite number?
False
Is 51817 a composite number?
False
Is 3599 a prime number?
False
Is 195695 composite?
True
Is 73171 a composite number?
True
Is 2559013 composite?
False
Is 41077 prime?
True
Is 91441 a composite number?
True
Is 235439 a composite number?
False
Is 104407 composite?
True
Is 53891 a prime number?
True
Is 10007 composite?
False
Is 1439 a composite number?
False
Is 839 prime?
True
Is 112831 composite?
False
Is 38219 a composite number?
False
Is 26389 a composite number?
True
Is 142565 a composite number?
True
Is 4421 composite?
False
Is 1323107 a composite number?
False
Is 1097 a prime number?
True
Is 39971 a composite number?
False
Is 113641 a composite number?
True
Is 73819 a prime number?
True
Is 39533 composite?
True
Is 8069 prime?
True
Is 20633 a composite number?
True
Is 8753 prime?
True
Is 1304189 composite?
True
Is 138962 prime?
False
Is 21779 composite?
True
Is 88547 a prime number?
True
Is 502 a composite number?
True
Is 224227 a prime number?
False
Is 5879 prime?
True
Is 32245 a composite number?
True
Is 679207 composite?
False
Is 45307 a composite number?
False
Is 334037 a composite number?
True
Is 31303 prime?
False
Is 504547 prime?
True
Is 1076707 prime?
True
Is 18589 composite?
True
Is 662399 prime?
False
Is 11113 a prime number?
True
Is 1541329 prime?
False
Is 724247 a composite number?
True
Is 116479 composite?
True
Is 337 composite?
False
Is 407263 a prime number?
True
Is 22051 a prime number?
True
Is 549987 a prime number?
False
Is 177967 prime?
True
Is 66739 a prime number?
True
Is 17033 a prime number?
True
Is 9547 composite?
False
Is 7277 a composite number?
True
Is 2581 composite?
True
Is 452131 a composite number?
False
Is 13911 a prime number?
False
Is 10133 a composite number?
False
Is 45519 composite?
True
Is 44809 prime?
True
Is 877069 prime?
False
Is 43159 composite?
False
Is 1228679 composite?
False
Is 26731 prime?
True
Is 36029 a composite number?
True
Is 35591 a prime number?
True
Is 8962 prime?
False
Is 11734 prime?
False
Is 58462 composite?
True
Is 143 a composite number?
True
Is 44351 a composite number?
False
Is 17159 composite?
False
Is 390647 a prime number?
True
Is 28261 a composite number?
True
Is 896999 composite?
True
Is 248059 prime?
False
Is 40731 prime?
False
Is 347321 composite?
True
Is 16631 a prime number?
True
Is 2228077 prime?
True
Is 38993 prime?
True
Is 246391 prime?
True
Is 469 composite?
True
Is 762041 a composite number?
True
Is 257533 a composite number?
True
Is 229882 a prime number?
False
Is 12247 composite?
True
Is 10895 a prime number?
False
Is 195523 a prime number?
False
Is 19013 a prime number?
True
Is 65407 composite?
False
Is 2653 a composite number?
True
Is 94378 a composite number?
True
Is 4327 prime?
True
Is 1181305 a composite number?
True
Is 653803 composite?
True
Is 311937 a composite number?
True
Is 1345541 a prime number?
True
Is 12981 a composite number?
True
Is 784753 prime?
True
Is 87445 prime?
False
Is 209213 prime?
True
Is 33737 a composite number?
True
Is 207797 prime?
True
Is 15627 a composite number?
True
Is 119267 prime?
True
Is 2587 composite?
True
Is 7993 a composite number?
False
Is 683 prime?
True
Is 390527 composite?
False
Is 245171 a composite number?
False
Is 155677 a prime number?
False
Is 5897 composite?
False
Is 152263 a composite number?
True
Is 82931 prime?
False
Is 22013 a composite number?
False
Is 7403 a prime number?
False
Is 383293 prime?
False
Is 17851 a prime number?
True
Is 29119 a composite number?
True
Is 68537 a prime number?
False
Is 238295 a composite number?
True
Is 14302 a prime number?
False
Is 9643 prime?
True
Is 296347 composite?
False
Is 2788711 a prime number?
False
Is 16871 prime?
True
Is 127 a prime number?
True
Is 187067 a prime number?
True
Is 2721 a composite number?
True
Is 541 composite?
False
Is 7597563 prime?
False
Is 523349 a prime number?
True
Is 1000691 prime?
True
Is 4547 a prime number?
True
Is 786079 prime?
False
Is 125053 a prime number?
True
Is 8422 prime?
False
Is 2733 a composite number?
True
Is 106519 prime?
False
Is 13835 a composite number?
True
Is 5077 a composite number?
False
Is 305587 a prime number?
False
Is 135521 composite?
True
Is 314393 a composite number?
True
Is 1910782 prime?
False
Is 41213 prime?
True
Is 70717 a composite number?
False
Is 14653 prime?
True
Is 299 a composite number?
True
Is 19111 composite?
True
Is 198731 prime?
False
Is 1109 a composite number?
False
Is 391037 composite?
True
Is 3841 a prime number?
False
Is 116383 composite?
True
Is 15661 prime?
True
Is 614881 a composite number?
False
Is 36197 a prime number?
False
Is 4909 co